{"id":80,"date":"2021-11-22T17:57:18","date_gmt":"2021-11-22T17:57:18","guid":{"rendered":"https:\/\/pension-ethner.de\/?page_id=80"},"modified":"2026-03-26T11:17:47","modified_gmt":"2026-03-26T11:17:47","slug":"preise","status":"publish","type":"page","link":"https:\/\/pension-ethner.de\/?page_id=80","title":{"rendered":"Preise"},"content":{"rendered":"\t\t<div data-elementor-type=\"wp-page\" data-elementor-id=\"80\" class=\"elementor elementor-80\">\n\t\t\t\t\t\t<section class=\"elementor-section elementor-top-section elementor-element elementor-element-0dccd21 elementor-section-boxed elementor-section-height-default elementor-section-height-default\" data-id=\"0dccd21\" data-element_type=\"section\" data-e-type=\"section\">\n\t\t\t\t\t\t<div class=\"elementor-container elementor-column-gap-default\">\n\t\t\t\t\t<div class=\"elementor-column elementor-col-100 elementor-top-column elementor-element elementor-element-b5b63ce\" data-id=\"b5b63ce\" data-element_type=\"column\" data-e-type=\"column\">\n\t\t\t<div class=\"elementor-widget-wrap elementor-element-populated\">\n\t\t\t\t\t\t<div class=\"elementor-element elementor-element-b27bc97 elementor-widget elementor-widget-text-editor\" data-id=\"b27bc97\" data-element_type=\"widget\" data-e-type=\"widget\" data-widget_type=\"text-editor.default\">\n\t\t\t\t<div class=\"elementor-widget-container\">\n\t\t\t\t\t\t\t\t\t<h1>Entdecken Sie unsere Preise und Angebote<\/h1>\t\t\t\t\t\t\t\t<\/div>\n\t\t\t\t<\/div>\n\t\t\t\t\t<\/div>\n\t\t<\/div>\n\t\t\t\t\t<\/div>\n\t\t<\/section>\n\t\t\t\t<section class=\"elementor-section elementor-top-section elementor-element elementor-element-e18cb2d elementor-section-boxed elementor-section-height-default elementor-section-height-default\" data-id=\"e18cb2d\" data-element_type=\"section\" data-e-type=\"section\">\n\t\t\t\t\t\t<div class=\"elementor-container elementor-column-gap-default\">\n\t\t\t\t\t<div class=\"elementor-column elementor-col-100 elementor-top-column elementor-element elementor-element-31edb35\" data-id=\"31edb35\" data-element_type=\"column\" data-e-type=\"column\">\n\t\t\t<div class=\"elementor-widget-wrap elementor-element-populated\">\n\t\t\t\t\t\t<div class=\"elementor-element elementor-element-ecef927 elementor-align-right elementor-widget elementor-widget-button\" data-id=\"ecef927\" data-element_type=\"widget\" data-e-type=\"widget\" data-widget_type=\"button.default\">\n\t\t\t\t<div class=\"elementor-widget-container\">\n\t\t\t\t\t\t\t\t\t<div class=\"elementor-button-wrapper\">\n\t\t\t\t\t<a class=\"elementor-button elementor-button-link elementor-size-xs\" href=\"https:\/\/pension-ethner.de\/?page_id=154\">\n\t\t\t\t\t\t<span class=\"elementor-button-content-wrapper\">\n\t\t\t\t\t\t\t\t\t<span class=\"elementor-button-text\">Buchungsanfrage<\/span>\n\t\t\t\t\t<\/span>\n\t\t\t\t\t<\/a>\n\t\t\t\t<\/div>\n\t\t\t\t\t\t\t\t<\/div>\n\t\t\t\t<\/div>\n\t\t\t\t\t<\/div>\n\t\t<\/div>\n\t\t\t\t\t<\/div>\n\t\t<\/section>\n\t\t\t\t<section class=\"elementor-section elementor-top-section elementor-element elementor-element-6024d88a elementor-section-boxed elementor-section-height-default elementor-section-height-default\" data-id=\"6024d88a\" data-element_type=\"section\" data-e-type=\"section\">\n\t\t\t\t\t\t<div class=\"elementor-container elementor-column-gap-default\">\n\t\t\t\t\t<div class=\"elementor-column elementor-col-100 elementor-top-column elementor-element elementor-element-f7152fd\" data-id=\"f7152fd\" data-element_type=\"column\" data-e-type=\"column\">\n\t\t\t<div class=\"elementor-widget-wrap elementor-element-populated\">\n\t\t\t\t\t\t<div class=\"elementor-element elementor-element-f8e779b elementor-widget elementor-widget-toggle\" data-id=\"f8e779b\" data-element_type=\"widget\" data-e-type=\"widget\" data-widget_type=\"toggle.default\">\n\t\t\t\t<div class=\"elementor-widget-container\">\n\t\t\t\t\t\t\t<div class=\"elementor-toggle\">\n\t\t\t\t\t\t\t<div class=\"elementor-toggle-item\">\n\t\t\t\t\t<div id=\"elementor-tab-title-2601\" class=\"elementor-tab-title\" data-tab=\"1\" role=\"button\" aria-controls=\"elementor-tab-content-2601\" aria-expanded=\"false\">\n\t\t\t\t\t\t\t\t\t\t\t\t<span class=\"elementor-toggle-icon elementor-toggle-icon-left\" aria-hidden=\"true\">\n\t\t\t\t\t\t\t\t\t\t\t\t\t\t\t<span class=\"elementor-toggle-icon-closed\"><i class=\"fas fa-chevron-down\"><\/i><\/span>\n\t\t\t\t\t\t\t\t<span class=\"elementor-toggle-icon-opened\"><i class=\"elementor-toggle-icon-opened fas fa-caret-up\"><\/i><\/span>\n\t\t\t\t\t\t\t\t\t\t\t\t\t<\/span>\n\t\t\t\t\t\t\t\t\t\t\t\t<a class=\"elementor-toggle-title\" tabindex=\"0\">Allgemeine Zimmerpreise<\/a>\n\t\t\t\t\t<\/div>\n\n\t\t\t\t\t<div id=\"elementor-tab-content-2601\" class=\"elementor-tab-content elementor-clearfix\" data-tab=\"1\" role=\"region\" aria-labelledby=\"elementor-tab-title-2601\"><p><strong>Alle Preise pro Person<\/strong><\/p><p><strong>Einzel\u00fcbernachtung inkl. Fr\u00fchst\u00fcck:<\/strong> 45,00\u20ac bis 55,00\u20ac<br><strong>ab zwei \u00dcbernachtungen inkl. Fr\u00fchst\u00fcck: <\/strong>40,00\u20ac bis 45,00\u20ac<\/p>\n<p><strong>Aufschlag f\u00fcr Halbpension warm:<\/strong> 15,00\u20ac<br><strong>Halbpension wird ab 2 Tage gew\u00e4hrt. Es gibt kein Wahlmen\u00fc<\/strong><\/p><\/div>\n\t\t\t\t<\/div>\n\t\t\t\t\t\t\t<div class=\"elementor-toggle-item\">\n\t\t\t\t\t<div id=\"elementor-tab-title-2602\" class=\"elementor-tab-title\" data-tab=\"2\" role=\"button\" aria-controls=\"elementor-tab-content-2602\" aria-expanded=\"false\">\n\t\t\t\t\t\t\t\t\t\t\t\t<span class=\"elementor-toggle-icon elementor-toggle-icon-left\" aria-hidden=\"true\">\n\t\t\t\t\t\t\t\t\t\t\t\t\t\t\t<span class=\"elementor-toggle-icon-closed\"><i class=\"fas fa-chevron-down\"><\/i><\/span>\n\t\t\t\t\t\t\t\t<span class=\"elementor-toggle-icon-opened\"><i class=\"elementor-toggle-icon-opened fas fa-caret-up\"><\/i><\/span>\n\t\t\t\t\t\t\t\t\t\t\t\t\t<\/span>\n\t\t\t\t\t\t\t\t\t\t\t\t<a class=\"elementor-toggle-title\" tabindex=\"0\">Schnupperangebot <\/a>\n\t\t\t\t\t<\/div>\n\n\t\t\t\t\t<div id=\"elementor-tab-content-2602\" class=\"elementor-tab-content elementor-clearfix\" data-tab=\"2\" role=\"region\" aria-labelledby=\"elementor-tab-title-2602\"><p><em>6 Tage zum Preis von 5 Tagen<\/em><\/p>\n<p><strong>Einzelzimmer mit Balkon inkl. Halbpension:<\/strong> 315,00\u20ac <br \/><strong>Doppelzimmer mit Balkon inkl. Halbpension:<\/strong> 270,00\u20ac<\/p>\n<p>Die Preise gelten pro Person und im Zeitraum v<strong>om 10.01. bis zum 30.03.<\/strong><\/p><\/div>\n\t\t\t\t<\/div>\n\t\t\t\t\t\t\t<div class=\"elementor-toggle-item\">\n\t\t\t\t\t<div id=\"elementor-tab-title-2603\" class=\"elementor-tab-title\" data-tab=\"3\" role=\"button\" aria-controls=\"elementor-tab-content-2603\" aria-expanded=\"false\">\n\t\t\t\t\t\t\t\t\t\t\t\t<span class=\"elementor-toggle-icon elementor-toggle-icon-left\" aria-hidden=\"true\">\n\t\t\t\t\t\t\t\t\t\t\t\t\t\t\t<span class=\"elementor-toggle-icon-closed\"><i class=\"fas fa-chevron-down\"><\/i><\/span>\n\t\t\t\t\t\t\t\t<span class=\"elementor-toggle-icon-opened\"><i class=\"elementor-toggle-icon-opened fas fa-caret-up\"><\/i><\/span>\n\t\t\t\t\t\t\t\t\t\t\t\t\t<\/span>\n\t\t\t\t\t\t\t\t\t\t\t\t<a class=\"elementor-toggle-title\" tabindex=\"0\">Wochenpauschalen<\/a>\n\t\t\t\t\t<\/div>\n\n\t\t\t\t\t<div id=\"elementor-tab-content-2603\" class=\"elementor-tab-content elementor-clearfix\" data-tab=\"3\" role=\"region\" aria-labelledby=\"elementor-tab-title-2603\"><p>Grundpreise f\u00fcr Halbpension pro Person:<\/p>\n<p><strong>7 Tage Einzelzimmer ohne Balkon:<\/strong> 390,00\u20ac<br \/><strong>7 Tage Einzelzimmer mit Balkon:<\/strong> 420,00\u20ac<\/p>\n<p><strong>7 Tage Doppelzimmer ohne Balkon:<\/strong> 350,00\u20ac<br \/><strong>7 Tage Doppelzimmer mit Balkon:<\/strong> 370,00\u20ac<\/p><\/div>\n\t\t\t\t<\/div>\n\t\t\t\t\t\t\t<div class=\"elementor-toggle-item\">\n\t\t\t\t\t<div id=\"elementor-tab-title-2604\" class=\"elementor-tab-title\" data-tab=\"4\" role=\"button\" aria-controls=\"elementor-tab-content-2604\" aria-expanded=\"false\">\n\t\t\t\t\t\t\t\t\t\t\t\t<span class=\"elementor-toggle-icon elementor-toggle-icon-left\" aria-hidden=\"true\">\n\t\t\t\t\t\t\t\t\t\t\t\t\t\t\t<span class=\"elementor-toggle-icon-closed\"><i class=\"fas fa-chevron-down\"><\/i><\/span>\n\t\t\t\t\t\t\t\t<span class=\"elementor-toggle-icon-opened\"><i class=\"elementor-toggle-icon-opened fas fa-caret-up\"><\/i><\/span>\n\t\t\t\t\t\t\t\t\t\t\t\t\t<\/span>\n\t\t\t\t\t\t\t\t\t\t\t\t<a class=\"elementor-toggle-title\" tabindex=\"0\">Sonstige Informationen<\/a>\n\t\t\t\t\t<\/div>\n\n\t\t\t\t\t<div id=\"elementor-tab-content-2604\" class=\"elementor-tab-content elementor-clearfix\" data-tab=\"4\" role=\"region\" aria-labelledby=\"elementor-tab-title-2604\"><p>&#8211; F\u00fcr Gruppenreisen fordern Sie bitte ein Angebot von uns an.<br \/>&#8211; Bei uns f\u00e4llt keine Kurtaxe an.<br \/>&#8211; Alle Preise inkl. gesetzlicher MwSt.<\/p><\/div>\n\t\t\t\t<\/div>\n\t\t\t\t\t\t\t\t<\/div>\n\t\t\t\t\t\t<\/div>\n\t\t\t\t<\/div>\n\t\t\t\t\t<\/div>\n\t\t<\/div>\n\t\t\t\t\t<\/div>\n\t\t<\/section>\n\t\t\t\t<section class=\"elementor-section elementor-top-section elementor-element elementor-element-46088a5 elementor-section-boxed elementor-section-height-default elementor-section-height-default\" data-id=\"46088a5\" data-element_type=\"section\" data-e-type=\"section\">\n\t\t\t\t\t\t<div class=\"elementor-container elementor-column-gap-default\">\n\t\t\t\t\t<div class=\"elementor-column elementor-col-100 elementor-top-column elementor-element elementor-element-c28a759\" data-id=\"c28a759\" data-element_type=\"column\" data-e-type=\"column\">\n\t\t\t<div class=\"elementor-widget-wrap elementor-element-populated\">\n\t\t\t\t\t\t<div class=\"elementor-element elementor-element-4f5a22f elementor-widget elementor-widget-text-editor\" data-id=\"4f5a22f\" data-element_type=\"widget\" data-e-type=\"widget\" data-widget_type=\"text-editor.default\">\n\t\t\t\t<div class=\"elementor-widget-container\">\n\t\t\t\t\t\t\t\t\t<p><i>\u00c4nderungen und Irrt\u00fcmer vorbehalten<\/i><\/p>\t\t\t\t\t\t\t\t<\/div>\n\t\t\t\t<\/div>\n\t\t\t\t\t<\/div>\n\t\t<\/div>\n\t\t\t\t\t<\/div>\n\t\t<\/section>\n\t\t\t\t<section class=\"elementor-section elementor-top-section elementor-element elementor-element-5848483 elementor-section-boxed elementor-section-height-default elementor-section-height-default\" data-id=\"5848483\" data-element_type=\"section\" data-e-type=\"section\">\n\t\t\t\t\t\t<div class=\"elementor-container elementor-column-gap-default\">\n\t\t\t\t\t<div class=\"elementor-column elementor-col-100 elementor-top-column elementor-element elementor-element-af5b9d7\" data-id=\"af5b9d7\" data-element_type=\"column\" data-e-type=\"column\">\n\t\t\t<div class=\"elementor-widget-wrap elementor-element-populated\">\n\t\t\t\t\t\t<div class=\"elementor-element elementor-element-c0b79a6 elementor-align-right elementor-widget elementor-widget-button\" data-id=\"c0b79a6\" data-element_type=\"widget\" data-e-type=\"widget\" data-widget_type=\"button.default\">\n\t\t\t\t<div class=\"elementor-widget-container\">\n\t\t\t\t\t\t\t\t\t<div class=\"elementor-button-wrapper\">\n\t\t\t\t\t<a class=\"elementor-button elementor-button-link elementor-size-xs\" href=\"https:\/\/pension-ethner.de\/?page_id=145\">\n\t\t\t\t\t\t<span class=\"elementor-button-content-wrapper\">\n\t\t\t\t\t\t\t\t\t<span class=\"elementor-button-text\">Gaststube<\/span>\n\t\t\t\t\t<\/span>\n\t\t\t\t\t<\/a>\n\t\t\t\t<\/div>\n\t\t\t\t\t\t\t\t<\/div>\n\t\t\t\t<\/div>\n\t\t\t\t\t<\/div>\n\t\t<\/div>\n\t\t\t\t\t<\/div>\n\t\t<\/section>\n\t\t\t\t<\/div>\n\t\t","protected":false},"excerpt":{"rendered":"<p>Entdecken Sie unsere Preise und Angebote Buchungsanfrage Allgemeine Zimmerpreise Alle Preise pro Person Einzel\u00fcbernachtung inkl. Fr\u00fchst\u00fcck: 45,00\u20ac bis 55,00\u20acab zwei \u00dcbernachtungen inkl. Fr\u00fchst\u00fcck: 40,00\u20ac bis 45,00\u20ac Aufschlag f\u00fcr Halbpension warm: 15,00\u20acHalbpension wird ab 2 Tage gew\u00e4hrt. Es gibt kein Wahlmen\u00fc Schnupperangebot 6 Tage zum Preis von 5 Tagen Einzelzimmer mit Balkon inkl. Halbpension: 315,00\u20ac Doppelzimmer<\/p><\/div>\n<div class=\"blog-btn\"><a href=\"https:\/\/pension-ethner.de\/?page_id=80\" class=\"home-blog-btn\">Weiterlesen<\/a><\/p>\n","protected":false},"author":1,"featured_media":0,"parent":0,"menu_order":0,"comment_status":"closed","ping_status":"closed","template":"","meta":{"footnotes":""},"class_list":["post-80","page","type-page","status-publish","hentry"],"_links":{"self":[{"href":"https:\/\/pension-ethner.de\/index.php?rest_route=\/wp\/v2\/pages\/80","targetHints":{"allow":["GET"]}}],"collection":[{"href":"https:\/\/pension-ethner.de\/index.php?rest_route=\/wp\/v2\/pages"}],"about":[{"href":"https:\/\/pension-ethner.de\/index.php?rest_route=\/wp\/v2\/types\/page"}],"author":[{"embeddable":true,"href":"https:\/\/pension-ethner.de\/index.php?rest_route=\/wp\/v2\/users\/1"}],"replies":[{"embeddable":true,"href":"https:\/\/pension-ethner.de\/index.php?rest_route=%2Fwp%2Fv2%2Fcomments&post=80"}],"version-history":[{"count":123,"href":"https:\/\/pension-ethner.de\/index.php?rest_route=\/wp\/v2\/pages\/80\/revisions"}],"predecessor-version":[{"id":519,"href":"https:\/\/pension-ethner.de\/index.php?rest_route=\/wp\/v2\/pages\/80\/revisions\/519"}],"wp:attachment":[{"href":"https:\/\/pension-ethner.de\/index.php?rest_route=%2Fwp%2Fv2%2Fmedia&parent=80"}],"curies":[{"name":"wp","href":"https:\/\/api.w.org\/{rel}","templated":true}]}}

<div data-elementor-type="wp-page" data-elementor-id="80" class="elementor elementor-80">
						<section class="elementor-section elementor-top-section elementor-element elementor-element-0dccd21 elementor-section-boxed elementor-section-height-default elementor-section-height-default" data-id="0dccd21" data-element_type="section" data-e-type="section">
						<div class="elementor-container elementor-column-gap-default">
					<div class="elementor-column elementor-col-100 elementor-top-column elementor-element elementor-element-b5b63ce" data-id="b5b63ce" data-element_type="column" data-e-type="column">
			<div class="elementor-widget-wrap elementor-element-populated">
						<div class="elementor-element elementor-element-b27bc97 elementor-widget elementor-widget-text-editor" data-id="b27bc97" data-element_type="widget" data-e-type="widget" data-widget_type="text-editor.default">
				<div class="elementor-widget-container">
									<h1>Entdecken Sie unsere Preise und Angebote</h1>								</div>
				</div>
					</div>
		</div>
					</div>
		</section>
				<section class="elementor-section elementor-top-section elementor-element elementor-element-e18cb2d elementor-section-boxed elementor-section-height-default elementor-section-height-default" data-id="e18cb2d" data-element_type="section" data-e-type="section">
						<div class="elementor-container elementor-column-gap-default">
					<div class="elementor-column elementor-col-100 elementor-top-column elementor-element elementor-element-31edb35" data-id="31edb35" data-element_type="column" data-e-type="column">
			<div class="elementor-widget-wrap elementor-element-populated">
						<div class="elementor-element elementor-element-ecef927 elementor-align-right elementor-widget elementor-widget-button" data-id="ecef927" data-element_type="widget" data-e-type="widget" data-widget_type="button.default">
				<div class="elementor-widget-container">
									<div class="elementor-button-wrapper">
					<a class="elementor-button elementor-button-link elementor-size-xs" href="https://pension-ethner.de/?page_id=154">
						<span class="elementor-button-content-wrapper">
									<span class="elementor-button-text">Buchungsanfrage</span>
					</span>
					</a>
				</div>
								</div>
				</div>
					</div>
		</div>
					</div>
		</section>
				<section class="elementor-section elementor-top-section elementor-element elementor-element-6024d88a elementor-section-boxed elementor-section-height-default elementor-section-height-default" data-id="6024d88a" data-element_type="section" data-e-type="section">
						<div class="elementor-container elementor-column-gap-default">
					<div class="elementor-column elementor-col-100 elementor-top-column elementor-element elementor-element-f7152fd" data-id="f7152fd" data-element_type="column" data-e-type="column">
			<div class="elementor-widget-wrap elementor-element-populated">
						<div class="elementor-element elementor-element-f8e779b elementor-widget elementor-widget-toggle" data-id="f8e779b" data-element_type="widget" data-e-type="widget" data-widget_type="toggle.default">
				<div class="elementor-widget-container">
							<div class="elementor-toggle">
							<div class="elementor-toggle-item">
					<div id="elementor-tab-title-2601" class="elementor-tab-title" data-tab="1" role="button" aria-controls="elementor-tab-content-2601" aria-expanded="false">
												<span class="elementor-toggle-icon elementor-toggle-icon-left" aria-hidden="true">
															<span class="elementor-toggle-icon-closed"><i class="fas fa-chevron-down"></i></span>
								<span class="elementor-toggle-icon-opened"><i class="elementor-toggle-icon-opened fas fa-caret-up"></i></span>
													</span>
												<a class="elementor-toggle-title" tabindex="0">Allgemeine Zimmerpreise</a>
					</div>

					<div id="elementor-tab-content-2601" class="elementor-tab-content elementor-clearfix" data-tab="1" role="region" aria-labelledby="elementor-tab-title-2601"><p><strong>Alle Preise pro Person</strong></p><p><strong>Einzelübernachtung inkl. Frühstück:</strong> 45,00€ bis 55,00€<br><strong>ab zwei Übernachtungen inkl. Frühstück: </strong>40,00€ bis 45,00€</p>
<p><strong>Aufschlag für Halbpension warm:</strong> 15,00€<br><strong>Halbpension wird ab 2 Tage gewährt. Es gibt kein Wahlmenü</strong></p></div>
				</div>
							<div class="elementor-toggle-item">
					<div id="elementor-tab-title-2602" class="elementor-tab-title" data-tab="2" role="button" aria-controls="elementor-tab-content-2602" aria-expanded="false">
												<span class="elementor-toggle-icon elementor-toggle-icon-left" aria-hidden="true">
															<span class="elementor-toggle-icon-closed"><i class="fas fa-chevron-down"></i></span>
								<span class="elementor-toggle-icon-opened"><i class="elementor-toggle-icon-opened fas fa-caret-up"></i></span>
													</span>
												<a class="elementor-toggle-title" tabindex="0">Schnupperangebot </a>
					</div>

					<div id="elementor-tab-content-2602" class="elementor-tab-content elementor-clearfix" data-tab="2" role="region" aria-labelledby="elementor-tab-title-2602"><p><em>6 Tage zum Preis von 5 Tagen</em></p>
<p><strong>Einzelzimmer mit Balkon inkl. Halbpension:</strong> 315,00€ <br /><strong>Doppelzimmer mit Balkon inkl. Halbpension:</strong> 270,00€</p>
<p>Die Preise gelten pro Person und im Zeitraum v<strong>om 10.01. bis zum 30.03.</strong></p></div>
				</div>
							<div class="elementor-toggle-item">
					<div id="elementor-tab-title-2603" class="elementor-tab-title" data-tab="3" role="button" aria-controls="elementor-tab-content-2603" aria-expanded="false">
												<span class="elementor-toggle-icon elementor-toggle-icon-left" aria-hidden="true">
															<span class="elementor-toggle-icon-closed"><i class="fas fa-chevron-down"></i></span>
								<span class="elementor-toggle-icon-opened"><i class="elementor-toggle-icon-opened fas fa-caret-up"></i></span>
													</span>
												<a class="elementor-toggle-title" tabindex="0">Wochenpauschalen</a>
					</div>

					<div id="elementor-tab-content-2603" class="elementor-tab-content elementor-clearfix" data-tab="3" role="region" aria-labelledby="elementor-tab-title-2603"><p>Grundpreise für Halbpension pro Person:</p>
<p><strong>7 Tage Einzelzimmer ohne Balkon:</strong> 390,00€<br /><strong>7 Tage Einzelzimmer mit Balkon:</strong> 420,00€</p>
<p><strong>7 Tage Doppelzimmer ohne Balkon:</strong> 350,00€<br /><strong>7 Tage Doppelzimmer mit Balkon:</strong> 370,00€</p></div>
				</div>
							<div class="elementor-toggle-item">
					<div id="elementor-tab-title-2604" class="elementor-tab-title" data-tab="4" role="button" aria-controls="elementor-tab-content-2604" aria-expanded="false">
												<span class="elementor-toggle-icon elementor-toggle-icon-left" aria-hidden="true">
															<span class="elementor-toggle-icon-closed"><i class="fas fa-chevron-down"></i></span>
								<span class="elementor-toggle-icon-opened"><i class="elementor-toggle-icon-opened fas fa-caret-up"></i></span>
													</span>
												<a class="elementor-toggle-title" tabindex="0">Sonstige Informationen</a>
					</div>

					<div id="elementor-tab-content-2604" class="elementor-tab-content elementor-clearfix" data-tab="4" role="region" aria-labelledby="elementor-tab-title-2604"><p>&#8211; Für Gruppenreisen fordern Sie bitte ein Angebot von uns an.<br />&#8211; Bei uns fällt keine Kurtaxe an.<br />&#8211; Alle Preise inkl. gesetzlicher MwSt.</p></div>
				</div>
								</div>
						</div>
				</div>
					</div>
		</div>
					</div>
		</section>
				<section class="elementor-section elementor-top-section elementor-element elementor-element-46088a5 elementor-section-boxed elementor-section-height-default elementor-section-height-default" data-id="46088a5" data-element_type="section" data-e-type="section">
						<div class="elementor-container elementor-column-gap-default">
					<div class="elementor-column elementor-col-100 elementor-top-column elementor-element elementor-element-c28a759" data-id="c28a759" data-element_type="column" data-e-type="column">
			<div class="elementor-widget-wrap elementor-element-populated">
						<div class="elementor-element elementor-element-4f5a22f elementor-widget elementor-widget-text-editor" data-id="4f5a22f" data-element_type="widget" data-e-type="widget" data-widget_type="text-editor.default">
				<div class="elementor-widget-container">
									<p><i>Änderungen und Irrtümer vorbehalten</i></p>								</div>
				</div>
					</div>
		</div>
					</div>
		</section>
				<section class="elementor-section elementor-top-section elementor-element elementor-element-5848483 elementor-section-boxed elementor-section-height-default elementor-section-height-default" data-id="5848483" data-element_type="section" data-e-type="section">
						<div class="elementor-container elementor-column-gap-default">
					<div class="elementor-column elementor-col-100 elementor-top-column elementor-element elementor-element-af5b9d7" data-id="af5b9d7" data-element_type="column" data-e-type="column">
			<div class="elementor-widget-wrap elementor-element-populated">
						<div class="elementor-element elementor-element-c0b79a6 elementor-align-right elementor-widget elementor-widget-button" data-id="c0b79a6" data-element_type="widget" data-e-type="widget" data-widget_type="button.default">
				<div class="elementor-widget-container">
									<div class="elementor-button-wrapper">
					<a class="elementor-button elementor-button-link elementor-size-xs" href="https://pension-ethner.de/?page_id=145">
						<span class="elementor-button-content-wrapper">
									<span class="elementor-button-text">Gaststube</span>
					</span>
					</a>
				</div>
								</div>
				</div>
					</div>
		</div>
					</div>
		</section>
				</div>

<p>Entdecken Sie unsere Preise und Angebote Buchungsanfrage Allgemeine Zimmerpreise Alle Preise pro Person Einzelübernachtung inkl. Frühstück: 45,00€ bis 55,00€ab zwei Übernachtungen inkl. Frühstück: 40,00€ bis 45,00€ Aufschlag für Halbpension warm: 15,00€Halbpension wird ab 2 Tage gewährt. Es gibt kein Wahlmenü Schnupperangebot 6 Tage zum Preis von 5 Tagen Einzelzimmer mit Balkon inkl. Halbpension: 315,00€ Doppelzimmer</p></div>
<div class="blog-btn"><a href="https://pension-ethner.de/?page_id=80" class="home-blog-btn">Weiterlesen</a></p>
